{"id":446,"date":"2023-09-19T12:33:45","date_gmt":"2023-09-19T15:33:45","guid":{"rendered":"https:\/\/feraservicos.com\/?page_id=446"},"modified":"2023-10-05T12:51:19","modified_gmt":"2023-10-05T15:51:19","slug":"aviso-de-navegacao","status":"publish","type":"page","link":"https:\/\/feraservicos.com\/index.php\/lgpd\/aviso-de-navegacao\/","title":{"rendered":"Aviso de Navega\u00e7\u00e3o"},"content":{"rendered":"\n<p>Ol\u00e1!<\/p>\n\n\n\n<p>Gostar\u00edamos de compartilhar a importante informa\u00e7\u00e3o que, em nossa busca cont\u00ednua pela prote\u00e7\u00e3o dos dados pessoais e a transpar\u00eancia com voc\u00ea na forma como tratamos tais dados, mantemos atualizado nosso Aviso de Privacidade e nossos Termos de Uso.<\/p>\n\n\n\n<p>As informa\u00e7\u00f5es contidas nesses documentos visam garantir que estejamos em conformidade com a Lei Geral de Prote\u00e7\u00e3o de Dados (Lei n\u00ba 13.709\/2018) e refletem nosso compromisso em proteger sua privacidade e suas informa\u00e7\u00f5es pessoais.<\/p>\n\n\n\n<p>Voc\u00ea pode consultar tanto o Aviso de Privacidade quanto os Termos de Uso atualizados da Fera Presta\u00e7\u00e3o de Servi\u00e7os em Geral navegando em nosso site.<\/p>\n\n\n\n<p>\u00c9 importante ressaltar que ao continuar a usar nossos servi\u00e7os, voc\u00ea concorda com os termos atuais.<\/p>\n\n\n\n<p>Caso tenha alguma d\u00favida, preocupa\u00e7\u00e3o ou queira exercer seus direitos em rela\u00e7\u00e3o a seus dados, voc\u00ea pode entrar em contato conosco atrav\u00e9s do e-mail da nossa Encarregada de Dados:&nbsp;<a href=\"mailto:sonia.diniz@feraservicos.com\">sonia.diniz@feraservicos.com<\/a><\/p>\n\n\n\n<p>Estamos \u00e0 disposi\u00e7\u00e3o para ajudar.<\/p>\n\n\n\n<p>Atenciosamente, Equipe Fera.<\/p>\n","protected":false},"excerpt":{"rendered":"<p>Ol\u00e1! Gostar\u00edamos de compartilhar a importante informa\u00e7\u00e3o que, em nossa busca cont\u00ednua pela prote\u00e7\u00e3o dos dados pessoais e a transpar\u00eancia com voc\u00ea na forma como tratamos tais dados, mantemos atualizado nosso Aviso de Privacidade e nossos Termos de Uso. As informa\u00e7\u00f5es contidas nesses documentos visam garantir que estejamos em conformidade com a Lei Geral de<\/p>\n","protected":false},"author":1,"featured_media":0,"parent":441,"menu_order":0,"comment_status":"closed","ping_status":"closed","template":"","meta":{"footnotes":""},"_links":{"self":[{"href":"https:\/\/feraservicos.com\/index.php\/wp-json\/wp\/v2\/pages\/446"}],"collection":[{"href":"https:\/\/feraservicos.com\/index.php\/wp-json\/wp\/v2\/pages"}],"about":[{"href":"https:\/\/feraservicos.com\/index.php\/wp-json\/wp\/v2\/types\/page"}],"author":[{"embeddable":true,"href":"https:\/\/feraservicos.com\/index.php\/wp-json\/wp\/v2\/users\/1"}],"replies":[{"embeddable":true,"href":"https:\/\/feraservicos.com\/index.php\/wp-json\/wp\/v2\/comments?post=446"}],"version-history":[{"count":4,"href":"https:\/\/feraservicos.com\/index.php\/wp-json\/wp\/v2\/pages\/446\/revisions"}],"predecessor-version":[{"id":501,"href":"https:\/\/feraservicos.com\/index.php\/wp-json\/wp\/v2\/pages\/446\/revisions\/501"}],"up":[{"embeddable":true,"href":"https:\/\/feraservicos.com\/index.php\/wp-json\/wp\/v2\/pages\/441"}],"wp:attachment":[{"href":"https:\/\/feraservicos.com\/index.php\/wp-json\/wp\/v2\/media?parent=446"}],"curies":[{"name":"wp","href":"https:\/\/api.w.org\/{rel}","templated":true}]}}

Aviso de Navegação

<p>Olá!</p>



<p>Gostaríamos de compartilhar a importante informação que, em nossa busca contínua pela proteção dos dados pessoais e a transparência com você na forma como tratamos tais dados, mantemos atualizado nosso Aviso de Privacidade e nossos Termos de Uso.</p>



<p>As informações contidas nesses documentos visam garantir que estejamos em conformidade com a Lei Geral de Proteção de Dados (Lei nº 13.709/2018) e refletem nosso compromisso em proteger sua privacidade e suas informações pessoais.</p>



<p>Você pode consultar tanto o Aviso de Privacidade quanto os Termos de Uso atualizados da Fera Prestação de Serviços em Geral navegando em nosso site.</p>



<p>É importante ressaltar que ao continuar a usar nossos serviços, você concorda com os termos atuais.</p>



<p>Caso tenha alguma dúvida, preocupação ou queira exercer seus direitos em relação a seus dados, você pode entrar em contato conosco através do e-mail da nossa Encarregada de Dados:&nbsp;<a href="mailto:sonia.diniz@feraservicos.com">sonia.diniz@feraservicos.com</a></p>



<p>Estamos à disposição para ajudar.</p>



<p>Atenciosamente, Equipe Fera.</p>

<p>Olá! Gostaríamos de compartilhar a importante informação que, em nossa busca contínua pela proteção dos dados pessoais e a transparência com você na forma como tratamos tais dados, mantemos atualizado nosso Aviso de Privacidade e nossos Termos de Uso. As informações contidas nesses documentos visam garantir que estejamos em conformidade com a Lei Geral de</p>
